divided by 78?
35
Calculate the remainder when 14273 is divided by 1243.
600
What is the remainder when 6857 is divided by 24?
17
Calculate the remainder when 7179 is divided by 2164.
687
What is the remainder when 269469 is divided by 1109?
1091
Calculate the remainder when 272492 is divided by 411.
410
Calculate the remainder when 2446 is divided by 776.
118
What is the remainder when 85067 is divided by 204?
203
What is the remainder when 43409 is divided by 165?
14
What is the remainder when 18056 is divided by 18047?
9
What is the remainder when 378583 is divided by 37?
36
Calculate the remainder when 51877 is divided by 19.
7
Calculate the remainder when 5946072 is divided by 207.
204
What is the remainder when 9643 is divided by 893?
713
Calculate the remainder when 5378 is divided by 486.
32
What is the remainder when 733 is divided by 16?
13
Calculate the remainder when 39199 is divided by 440.
39
Calculate the remainder when 30693 is divided by 15338.
17
Calculate the remainder when 757 is divided by 745.
12
Calculate the remainder when 1568 is divided by 22.
6
Calculate the remainder when 220328 is divided by 12.
8
Calculate the remainder when 39250 is divided by 530.
30
Calculate the remainder when 32186 is divided by 585.
11
Calculate the remainder when 15275 is divided by 1622.
677
What is the remainder when 16482 is divided by 8235?
12
What is the remainder when 12799 is divided by 914?
3
Calculate the remainder when 147786 is divided by 147776.
10
Calculate the remainder when 3019168 is divided by 127.
124
Calculate the remainder when 27450 is divided by 12.
6
What is the remainder when 668075 is divided by 17?
9
Calculate the remainder when 109348 is divided by 142.
8
What is the remainder when 38998 is divided by 24?
22
What is the remainder when 8749 is divided by 2913?
10
What is the remainder when 359036 is divided by 20?
16
What is the remainder when 10519 is divided by 120?
79
What is the remainder when 38758 is divided by 36?
22
Calculate the remainder when 1149195 is divided by 76.
75
What is the remainder when 1128 is divided by 75?
3
Calculate the remainder when 272 is divided by 220.
52
What is the remainder when 2066 is divided by 115?
111
What is the remainder when 3619 is divided by 245?
189
What is the remainder when 5861 is divided by 18?
11
Calculate the remainder when 2575 is divided by 409.
121
Calculate the remainder when 28074 is divided by 12.
6
Calculate the remainder when 84289 is divided by 172.
9
What is the remainder when 45730 is divided by 21?
13
Calculate the remainder when 5901 is divided by 1009.
856
What is the remainder when 19855 is divided by 73?
72
What is the remainder when 6162 is divided by 193?
179
What is the remainder when 1572 is divided by 1568?
4
What is the remainder when 20027 is divided by 572?
7
What is the remainder when 725 is divided by 179?
9
What is the remainder when 3597 is divided by 205?
112
What is the remainder when 57381 is divided by 57357?
24
What is the remainder when 16860 is divided by 8423?
14
Calculate the remainder when 288509 is divided by 196.
193
Calculate the remainder when 8146 is divided by 338.
34
What is the remainder when 54552 is divided by 169?
134
What is the remainder when 15737 is divided by 193?
104
What is the remainder when 152768 is divided by 62?
0
What is the remainder when 642 is divided by 581?
61
Calculate the remainder when 74232 is divided by 105.
102
Calculate the remainder when 236688 is divided by 51.
48
What is the remainder when 16687 is divided by 27?
1
What is the remainder when 215523 is divided by 25?
23
What is the remainder when 31243 is divided by 292?
291
What is the remainder when 12292 is divided by 43?
37
Calculate the remainder when 1022 is divided by 205.
202
Calculate the remainder when 2117 is divided by 999.
119
What is the remainder when 32766 is divided by 99?
96
What is the remainder when 14212 is divided by 106?
8
What is the remainder when 11929 is divided by 1704?
1
Calculate the remainder when 37877 is divided by 134.
89
Calculate the remainder when 5923 is divided by 1857.
352
What is the remainder when 5156280 is divided by 1517?
1514
What is the remainder when 69776 is divided by 19?
8
What is the remainder when 1357 is divided by 361?
274
What is the remainder when 36748 is divided by 21?
19
What is the remainder when 20222 is divided by 842?
14
Calculate the remainder when 16376 is divided by 260.
256
What is the remainder when 1294 is divided by 308?
62
Calculate the remainder when 640 is divided by 228.
184
Calculate the remainder when 15378 is divided by 124.
2
Calculate the remainder when 243416 is divided by 1475.
41
What is the remainder when 1564 is divided by 391?
0
What is the remainder when 1358 is divided by 26?
6
What is the remainder when 75932 is divided by 1150?
32
What is the remainder when 8302 is divided by 23?
22
What is the remainder when 202291 is divided by 24?
19
Calculate the remainder when 186101 is divided by 147.
146
Calculate the remainder when 349170 is divided by 3010.
10
What is the remainder when 2721 is divided by 1259?
203
What is the remainder when 17878 is divided by 132?
58
What is the remainder when 16214 is divided by 1247?
3
Calculate the remainder when 7374 is divided by 1474.
4
Calculate the remainder when 12305 is divided by 171.
164
What is the remainder when 11504 is divided by 295?
294
What is the remainder when 1605 is divided by 12?
9
What is the remainder when 2707 is divided by 414?
223
What is the remainder when 574838 is divided by 10?
8
Calculate the remainder when 18078 is divided by 226.
224
What is the remainder when 920036 is divided by 100?
36
What is the remainder when 104834 is divided by 145?
144
What is the remainder when 7155 is divided by 775?
180
What is the remainder when 15687 is divided by 751?
667
What is the remainder when 76184 is divided by 76177?
7
Calculate the remainder when 3429 is divided by 550.
129
Calculate the remainder when 20207 is divided by 632.
615
What is the remainder when 4823 is divided by 447?
353
Calculate the remainder when 49509 is divided by 193.
101
Calculate the remainder when 1798 is divided by 1791.
7
What is the remainder when 17422 is divided by 1087?
30
What is the remainder when 162686 is divided by 9?
2
Calculate the remainder when 919904 is divided by 759.
755
What is the remainder when 10023 is divided by 4950?
123
What is the remainder when 7378 is divided by 90?
88
Calculate the remainder when 3228333 is divided by 324.
321
Calculate the remainder when 8517 is divided by 505.
437
What is the remainder when 3678 is divided by 734?
8
Calculate the remainder when 287427 is divided by 83.
81
What is the remainder when 248984 is divided by 15?
14
What is the remainder when 158603 is divided by 14?
11
What is the remainder when 5922 is divided by 319?
180
Calculate the remainder when 462822 is divided by 51.
48
What is the remainder when 2254 is divided by 227?
211
What is the remainder when 27514 is divided by 13757?
0
Calculate the remainder when 2707699 is divided by 91.
85
What is the remainder when 2465 is divided by 2379?
86
Calculate the remainder when 2393 is divided by 347.
311
Calculate the remainder when 985 is divided by 68.
33
What is the remainder when 87002 is divided by 385?
377
What is the remainder when 15285 is divided by 156?
153
Calculate the remainder when 183621 is divided by 1284.
9
Calculate the remainder when 313 is divided by 53.
48
What is the remainder when 8072 is divided by 2684?
20
What is the remainder when 92383 is divided by 46178?
27
Calculate the remainder when 1548 is divided by 771.
6
What is the remainder when 12142 is divided by 264?
262
What is the remainder when 4365 is divided by 863?
50
What is the remainder when 120344 is divided by 71?
70
Calculate the remainder when 865229 is divided by 1307.
1302
What is the remainder when 487651 is divided by 54181?
22
What is the remainder when 37607 is divided by 627?
614
Calculate the remainder when 7989 is divided by 717.
102
What is the remainder when 6059 is divided by 225?
209
What is the remainder when 84479 is divided by 21113?
27
What is the remainder when 19939 is divided by 37?
33
Calculate the remaind